{"id":703,"date":"2014-08-27T12:17:52","date_gmt":"2014-08-27T10:17:52","guid":{"rendered":"http:\/\/www.rops-bialystok.pl\/problemyspoleczne\/?page_id=703"},"modified":"2021-08-05T11:15:20","modified_gmt":"2021-08-05T09:15:20","slug":"stosunek-udzielonej-pomocy-i-wsparcia-z-powodu-niepelnosprawnosci-do-ogolu-udzielonej-pomocy","status":"publish","type":"page","link":"http:\/\/www.rops-bialystok.pl\/problemyspoleczne\/?page_id=703","title":{"rendered":"Stosunek udzielonej pomocy i wsparcia z powodu niepe\u0142nosprawno\u015bci do og\u00f3\u0142u udzielonej pomocy"},"content":{"rendered":"<p><script type='text\/javascript' src='https:\/\/public.tableau.com\/javascripts\/api\/viz_v1.js'><\/script><\/p>\n<div class=\"tableauPlaceholder\" style=\"width: 1000px; height: 900px;\"><noscript><a href='#'><img alt=' ' src='https:&#47;&#47;public.tableau.com&#47;static&#47;images&#47;St&#47;Stosunekudzielonejpomocyiwsparciazpowoduniepenosprawnocidooguudzielonejpomocy&#47;rok2020&#47;1_rss.png' style='border: none' \/><\/a><\/noscript><object class=\"tableauViz\" style=\"display: none;\" width=\"1000\" height=\"900\"><param name=\"host_url\" value=\"https%3A%2F%2Fpublic.tableau.com%2F\" \/><param name=\"site_root\" value=\"\" \/><param name=\"name\" value=\"Stosunekudzielonejpomocyiwsparciazpowoduniepenosprawnocidooguudzielonejpomocy\/rok2020\" \/><param name=\"tabs\" value=\"yes\" \/><param name=\"toolbar\" value=\"yes\" \/><param name=\"static_image\" value=\"https:\/\/public.tableau.com\/static\/images\/St\/Stosunekudzielonejpomocyiwsparciazpowoduniepenosprawnocidooguudzielonejpomocy\/rok2020\/1.png\" \/><param name=\"animate_transition\" value=\"yes\" \/><param name=\"display_static_image\" value=\"yes\" \/><param name=\"display_spinner\" value=\"yes\" \/><param name=\"display_overlay\" value=\"yes\" \/><param name=\"display_count\" value=\"yes\" \/><param name=\"showVizHome\" value=\"no\" \/><param name=\"showTabs\" value=\"y\" \/><param name=\"bootstrapWhenNotified\" value=\"true\" \/><\/object><\/div>\n","protected":false},"excerpt":{"rendered":"","protected":false},"author":5,"featured_media":0,"parent":0,"menu_order":0,"comment_status":"closed","ping_status":"closed","template":"","meta":[],"_links":{"self":[{"href":"http:\/\/www.rops-bialystok.pl\/problemyspoleczne\/index.php?rest_route=\/wp\/v2\/pages\/703"}],"collection":[{"href":"http:\/\/www.rops-bialystok.pl\/problemyspoleczne\/index.php?rest_route=\/wp\/v2\/pages"}],"about":[{"href":"http:\/\/www.rops-bialystok.pl\/problemyspoleczne\/index.php?rest_route=\/wp\/v2\/types\/page"}],"author":[{"embeddable":true,"href":"http:\/\/www.rops-bialystok.pl\/problemyspoleczne\/index.php?rest_route=\/wp\/v2\/users\/5"}],"replies":[{"embeddable":true,"href":"http:\/\/www.rops-bialystok.pl\/problemyspoleczne\/index.php?rest_route=%2Fwp%2Fv2%2Fcomments&post=703"}],"version-history":[{"count":6,"href":"http:\/\/www.rops-bialystok.pl\/problemyspoleczne\/index.php?rest_route=\/wp\/v2\/pages\/703\/revisions"}],"predecessor-version":[{"id":1011,"href":"http:\/\/www.rops-bialystok.pl\/problemyspoleczne\/index.php?rest_route=\/wp\/v2\/pages\/703\/revisions\/1011"}],"wp:attachment":[{"href":"http:\/\/www.rops-bialystok.pl\/problemyspoleczne\/index.php?rest_route=%2Fwp%2Fv2%2Fmedia&parent=703"}],"curies":[{"name":"wp","href":"https:\/\/api.w.org\/{rel}","templated":true}]}}